{"id":8558,"date":"2020-11-16T18:40:49","date_gmt":"2020-11-16T17:40:49","guid":{"rendered":"http:\/\/custom-drones.de\/?post_type=product&#038;p=8558"},"modified":"2022-03-18T14:23:38","modified_gmt":"2022-03-18T13:23:38","slug":"schutzbrille-swiss-eye-raptor","status":"publish","type":"product","link":"https:\/\/www.custom-drones.de\/?product=schutzbrille-swiss-eye-raptor","title":{"rendered":"SwissEye\u00ae Raptor ballistische Schutzbrille"},"content":{"rendered":"<p>SwissEye\u00ae Raptor ballistische Schutzbrille<\/p>\n<table width=\"100%\">\n<tbody>\n<tr>\n<td width=\"10%\">&nbsp;<\/td>\n<td width=\"90%\">\n<div class=\"field\" data-name=\"description\">\n<div class=\"complex-text-container\">\n<div class=\"complex-text\">\n<p><span style=\"font-family: inherit; font-size: inherit;\">Die ballistische Schutz-und Schie\u00df-Sonnenbrille RAPTOR von SwissEye\u00ae hat verstellbare Neigungswinkel der Gl\u00e4ser, sowie eine aerodynamische Form f\u00fcr ein angenehmes Tragegef\u00fchl.<\/span><\/p>\n<p><span style=\"font-family: inherit; font-size: inherit;\">Gummierte und geriffelte B\u00fcgel bieten dabei Sicherheit gegen Verrutschen.<br \/>\nDie Fassung ist aus Nylon und die Gl\u00e4ser aus flexiblem und splitterfreiem Polycarbonat mit 100% UVA-, UVB- und UVC-Schutz bis 400 nm (Nanometer).<\/span><\/p>\n<p><span style=\"font-family: inherit; font-size: inherit;\"><br \/>\nIm Lieferumfang sind Wechselgl\u00e4ser in &#8220;Smoke&#8221;, &#8220;Orange&#8221; und &#8220;Clear hydrophobic&#8221; mit spezieller SwissEye Antifog\/Antiscratch &#8211; Beschichtung enthalten. <\/span><\/p>\n<p>Zus\u00e4tzlich ein Microfaserbeutel zur Reinigung und zum Transport.<\/p>\n<ul>\n<li>B\u00fcgel mit Neigungswinkelverstellung (Inklination)<\/li>\n<li>Antifog\/Antiscratch-Beschichtung<\/li>\n<li>100% UVA-, UVB- und UVC-Schutz bis 400 nm (Nanometer)<\/li>\n<li>herausnehmbarer RX Clipadapter zur Korrektionsverglasung (optional)<\/li>\n<li>B\u00fcgell\u00e4ngen anpassbar<\/li>\n<li>Wechselscheiben in orange &amp; clear<\/li>\n<li>Mikrofaserbeutel<\/li>\n<li>NATO-Stock-Nummer: NSN 8465-12-406-9844<\/li>\n<\/ul>\n<p>Zertifiziert nach:&nbsp;<\/p>\n<ul>\n<li>EN 12312-1<\/li>\n<li>MIL-PRF-31013\/32432<\/li>\n<li>MIL-DTL-43511D<\/li>\n<li>ANSI Z87.1<\/li>\n<li>STANAG 2920\/4296<\/li>\n<li>EN 166F<\/li>\n<\/ul>\n<\/div>\n<\/div>\n<\/div>\n<\/td>\n<\/tr>\n<\/tbody>\n<\/table>\n","protected":false},"excerpt":{"rendered":"<p>SwissEye\u00ae Raptor ballistische Schutzbrille<\/p>\n","protected":false},"featured_media":10648,"comment_status":"closed","ping_status":"closed","template":"","meta":{"spay_email":""},"_links":{"self":[{"href":"https:\/\/www.custom-drones.de\/index.php?rest_route=\/wp\/v2\/product\/8558"}],"collection":[{"href":"https:\/\/www.custom-drones.de\/index.php?rest_route=\/wp\/v2\/product"}],"about":[{"href":"https:\/\/www.custom-drones.de\/index.php?rest_route=\/wp\/v2\/types\/product"}],"replies":[{"embeddable":true,"href":"https:\/\/www.custom-drones.de\/index.php?rest_route=%2Fwp%2Fv2%2Fcomments&post=8558"}],"version-history":[{"count":3,"href":"https:\/\/www.custom-drones.de\/index.php?rest_route=\/wp\/v2\/product\/8558\/revisions"}],"predecessor-version":[{"id":10653,"href":"https:\/\/www.custom-drones.de\/index.php?rest_route=\/wp\/v2\/product\/8558\/revisions\/10653"}],"wp:featuredmedia":[{"embeddable":true,"href":"https:\/\/www.custom-drones.de\/index.php?rest_route=\/wp\/v2\/media\/10648"}],"wp:attachment":[{"href":"https:\/\/www.custom-drones.de\/index.php?rest_route=%2Fwp%2Fv2%2Fmedia&parent=8558"}],"curies":[{"name":"wp","href":"https:\/\/api.w.org\/{rel}","templated":true}]}}