{"id":12368,"date":"2021-05-11T10:00:06","date_gmt":"2021-05-11T08:00:06","guid":{"rendered":"https:\/\/www.custom-drones.de\/?post_type=product&#038;p=12368"},"modified":"2022-03-18T13:50:32","modified_gmt":"2022-03-18T12:50:32","slug":"bw-schirmmuetzenabzeichen-heer","status":"publish","type":"product","link":"https:\/\/www.custom-drones.de\/?product=bw-schirmmuetzenabzeichen-heer","title":{"rendered":"BW Gebirgsj\u00e4ger-Edelwei\u00df, Metall"},"content":{"rendered":"<p>BW Gebirgsj\u00e4ger-Edelwei\u00df,<br \/>\nMetall<\/p>\n<table width=\"100%\">\n<tbody>\n<tr>\n<td width=\"10%\">&nbsp;<\/td>\n<td width=\"90%\">&nbsp;<\/td>\n<\/tr>\n<\/tbody>\n<\/table>\n","protected":false},"excerpt":{"rendered":"<p>BW Gebirgsj\u00e4ger-Edelwei\u00df,<br \/>\nMetall<\/p>\n<p>.<\/p>\n","protected":false},"featured_media":12387,"comment_status":"closed","ping_status":"closed","template":"","meta":{"spay_email":""},"_links":{"self":[{"href":"https:\/\/www.custom-drones.de\/index.php?rest_route=\/wp\/v2\/product\/12368"}],"collection":[{"href":"https:\/\/www.custom-drones.de\/index.php?rest_route=\/wp\/v2\/product"}],"about":[{"href":"https:\/\/www.custom-drones.de\/index.php?rest_route=\/wp\/v2\/types\/product"}],"replies":[{"embeddable":true,"href":"https:\/\/www.custom-drones.de\/index.php?rest_route=%2Fwp%2Fv2%2Fcomments&post=12368"}],"version-history":[{"count":3,"href":"https:\/\/www.custom-drones.de\/index.php?rest_route=\/wp\/v2\/product\/12368\/revisions"}],"predecessor-version":[{"id":12388,"href":"https:\/\/www.custom-drones.de\/index.php?rest_route=\/wp\/v2\/product\/12368\/revisions\/12388"}],"wp:featuredmedia":[{"embeddable":true,"href":"https:\/\/www.custom-drones.de\/index.php?rest_route=\/wp\/v2\/media\/12387"}],"wp:attachment":[{"href":"https:\/\/www.custom-drones.de\/index.php?rest_route=%2Fwp%2Fv2%2Fmedia&parent=12368"}],"curies":[{"name":"wp","href":"https:\/\/api.w.org\/{rel}","templated":true}]}}