{"id":12231,"date":"2021-05-10T14:36:48","date_gmt":"2021-05-10T12:36:48","guid":{"rendered":"https:\/\/www.custom-drones.de\/?post_type=product&#038;p=12231"},"modified":"2022-03-18T13:50:47","modified_gmt":"2022-03-18T12:50:47","slug":"taktisches-reflex-red-dot-visier","status":"publish","type":"product","link":"https:\/\/www.custom-drones.de\/?product=taktisches-reflex-red-dot-visier","title":{"rendered":"Taktisches Reflex Red Dot Visier"},"content":{"rendered":"<p>Taktisches Reflex Red Dot Visier<\/p>\n<table width=\"100%\">\n<tbody>\n<tr>\n<td width=\"10%\"><\/td>\n<td width=\"90%\">\n<div class=\"page_margins\">\n<div class=\"page\">\n<div class=\"pagePadding\">\n<div id=\"main\">\n<div id=\"col3\" role=\"main\">\n<div id=\"col3_content\" class=\"clearfix\">\n<div class=\"hproduct\">\n<div class=\"jquery_tabs\">\n<div class=\"tabs-content description\">\n<ul class=\"a-unordered-list a-vertical a-spacing-mini\">\n<li><span class=\"a-list-item\">Abmessungen: 75 mm L\u00e4nge, 43 mm Breite, 70 mm H\u00f6he. Objektivdurchmesser 24mm, Fassungsgr\u00f6\u00dfe 20mm. 1-fache Vergr\u00f6\u00dferung und 2 MOA-Punkte helfen Ihnen beim Scharfstellen, das Ziel in kurzer Entfernung schnell zu fixieren.<\/span><\/li>\n<li><span class=\"a-list-item\">Professionelles Material: Hergestellt aus hochwertigem Aluminium und mattem Finish. Sto\u00dffest, wasserfest und beschlagfrei.<\/span><\/li>\n<li><span class=\"a-list-item\">Verbesserte Objektive: Mehrschichtige optische Beschichtung, Antireflex f\u00fcr noch bessere Lichtdurchl\u00e4ssigkeit.<\/span><\/li>\n<li><span class=\"a-list-item\">11 Beleuchtungsniveaus: Red-Dot-Scope mit 11 Helligkeitseinstellungen zur Einstellung der Umgebung bei schwachem Licht.\u00a0<\/span><\/li>\n<li><span class=\"a-list-item\">Installation: Die im Picatinny Schnellspannkonstruktion erm\u00f6glicht die einfache Befestigung.<\/span><\/li>\n<\/ul>\n<\/div>\n<\/div>\n<\/div>\n<\/div>\n<\/div>\n<\/div>\n<\/div>\n<\/div>\n<\/div>\n<\/td>\n<\/tr>\n<\/tbody>\n<\/table>\n","protected":false},"excerpt":{"rendered":"<p>Taktisches Reflex Red Dot Visier<\/p>\n<p>&nbsp;<\/p>\n<p>.<\/p>\n","protected":false},"featured_media":12252,"comment_status":"closed","ping_status":"closed","template":"","meta":{"spay_email":""},"_links":{"self":[{"href":"https:\/\/www.custom-drones.de\/index.php?rest_route=\/wp\/v2\/product\/12231"}],"collection":[{"href":"https:\/\/www.custom-drones.de\/index.php?rest_route=\/wp\/v2\/product"}],"about":[{"href":"https:\/\/www.custom-drones.de\/index.php?rest_route=\/wp\/v2\/types\/product"}],"replies":[{"embeddable":true,"href":"https:\/\/www.custom-drones.de\/index.php?rest_route=%2Fwp%2Fv2%2Fcomments&post=12231"}],"version-history":[{"count":2,"href":"https:\/\/www.custom-drones.de\/index.php?rest_route=\/wp\/v2\/product\/12231\/revisions"}],"predecessor-version":[{"id":14674,"href":"https:\/\/www.custom-drones.de\/index.php?rest_route=\/wp\/v2\/product\/12231\/revisions\/14674"}],"wp:featuredmedia":[{"embeddable":true,"href":"https:\/\/www.custom-drones.de\/index.php?rest_route=\/wp\/v2\/media\/12252"}],"wp:attachment":[{"href":"https:\/\/www.custom-drones.de\/index.php?rest_route=%2Fwp%2Fv2%2Fmedia&parent=12231"}],"curies":[{"name":"wp","href":"https:\/\/api.w.org\/{rel}","templated":true}]}}