{"id":12219,"date":"2021-05-10T14:26:07","date_gmt":"2021-05-10T12:26:07","guid":{"rendered":"https:\/\/www.custom-drones.de\/?post_type=product&#038;p=12219"},"modified":"2022-03-18T13:50:52","modified_gmt":"2022-03-18T12:50:52","slug":"red-dot-4x32-mm-mit-fiberoptik-picatinny","status":"publish","type":"product","link":"https:\/\/www.custom-drones.de\/?product=red-dot-4x32-mm-mit-fiberoptik-picatinny","title":{"rendered":"Red Dot 4&#215;32 mm mit Fiberoptik Picatinny"},"content":{"rendered":"<p>Red Dot 4&#215;32 mm mit Fiberoptik Picatinny<\/p>\n<table width=\"100%\">\n<tbody>\n<tr>\n<td width=\"10%\"><\/td>\n<td width=\"90%\">\n<div class=\"page_margins\">\n<div class=\"page\">\n<div class=\"pagePadding\">\n<div id=\"main\">\n<div id=\"col3\" role=\"main\">\n<div id=\"col3_content\" class=\"clearfix\">\n<div class=\"hproduct\">\n<div class=\"jquery_tabs\">\n<div class=\"tabs-content description\">\n<ul class=\"a-unordered-list a-vertical a-spacing-mini\">\n<li><span class=\"a-list-item\">Reflexvisier: Red Dot Scope mit rot und gr\u00fcn beleuchtetem Absehen bieten unbegrenzten Augenabstand und korrigierte Parallaxe. Es hilft Ihnen in der dunklen Umwelt Ihre Ziel gut zu anzuvisieren. Ausgestattet mit einem Fiberoptic Visier f\u00fcr eine schnelle Erfassung<\/span><\/li>\n<li><span class=\"a-list-item\">Hochwertige Optik: 4x Vergr\u00f6\u00dferung, 32mm Objektiv, 36,6ft Gesichtsfeld auf 100 Meter, 5,5 Zoll L\u00e4nge. Mehrfachbeschichtete (FMC) gr\u00fcne Objektivlinse mit UV-Filterung und Antireflexbelag, bietet hohe Lichtdurchl\u00e4ssigkeit und klare scharfe Bilder.<\/span><\/li>\n<li><span class=\"a-list-item\">F\u00fcr 20 bis 22mm Weaver und Picatinnyschiene, Innensechskant (Inbusschl\u00fcssel) und Montage zum montieren im Lieferumfang enthalten. Weitere zwei Railsysteme auf den Seiten.<\/span><\/li>\n<li><span class=\"a-list-item\">Hergestellt aus hochwertigem Aluminium und Stickstoff gef\u00fcllt. Das Rifle Scope ist robust, sto\u00dffest beschlagfest und wasserdicht.<\/span><\/li>\n<\/ul>\n<\/div>\n<\/div>\n<\/div>\n<\/div>\n<\/div>\n<\/div>\n<\/div>\n<\/div>\n<\/div>\n<\/td>\n<\/tr>\n<\/tbody>\n<\/table>\n","protected":false},"excerpt":{"rendered":"<p>Red Dot 4&#215;32 mm mit Fiberoptik Picatinny<\/p>\n<p>&nbsp;<\/p>\n<p>.<\/p>\n","protected":false},"featured_media":12225,"comment_status":"closed","ping_status":"closed","template":"","meta":{"spay_email":""},"_links":{"self":[{"href":"https:\/\/www.custom-drones.de\/index.php?rest_route=\/wp\/v2\/product\/12219"}],"collection":[{"href":"https:\/\/www.custom-drones.de\/index.php?rest_route=\/wp\/v2\/product"}],"about":[{"href":"https:\/\/www.custom-drones.de\/index.php?rest_route=\/wp\/v2\/types\/product"}],"replies":[{"embeddable":true,"href":"https:\/\/www.custom-drones.de\/index.php?rest_route=%2Fwp%2Fv2%2Fcomments&post=12219"}],"version-history":[{"count":2,"href":"https:\/\/www.custom-drones.de\/index.php?rest_route=\/wp\/v2\/product\/12219\/revisions"}],"predecessor-version":[{"id":14676,"href":"https:\/\/www.custom-drones.de\/index.php?rest_route=\/wp\/v2\/product\/12219\/revisions\/14676"}],"wp:featuredmedia":[{"embeddable":true,"href":"https:\/\/www.custom-drones.de\/index.php?rest_route=\/wp\/v2\/media\/12225"}],"wp:attachment":[{"href":"https:\/\/www.custom-drones.de\/index.php?rest_route=%2Fwp%2Fv2%2Fmedia&parent=12219"}],"curies":[{"name":"wp","href":"https:\/\/api.w.org\/{rel}","templated":true}]}}