{"id":12165,"date":"2021-05-08T13:47:13","date_gmt":"2021-05-08T11:47:13","guid":{"rendered":"https:\/\/www.custom-drones.de\/?post_type=product&#038;p=12165"},"modified":"2022-03-18T13:50:59","modified_gmt":"2022-03-18T12:50:59","slug":"security-einsatzweste-mesh-schwarz","status":"publish","type":"product","link":"https:\/\/www.custom-drones.de\/?product=security-einsatzweste-mesh-schwarz","title":{"rendered":"Security Einsatzweste MESH schwarz"},"content":{"rendered":"<p>Security Einsatzweste MESH schwarz<\/p>\n<table width=\"100%\">\n<tbody>\n<tr>\n<td width=\"10%\">&nbsp;<\/td>\n<td width=\"90%\">\n<div class=\"page_margins\">\n<div class=\"page\">\n<div class=\"pagePadding\">\n<div id=\"main\">\n<div id=\"col3\" role=\"main\">\n<div id=\"col3_content\" class=\"clearfix\">\n<div class=\"hproduct\">\n<div class=\"jquery_tabs\">\n<div class=\"tabs-content description\">\n<div class=\"page_margins\">\n<div class=\"page\">\n<div class=\"pagePadding\">\n<div id=\"main\">\n<div id=\"col3\" role=\"main\">\n<div id=\"col3_content\" class=\"clearfix\">\n<div class=\"hproduct\">\n<div class=\"jquery_tabs\">\n<div class=\"tabs-content description\">\n<div class=\"page_margins\">\n<div class=\"page\">\n<div class=\"pagePadding\">\n<div id=\"main\">\n<div id=\"col3\" role=\"main\">\n<div id=\"col3_content\" class=\"clearfix\">\n<div class=\"hproduct\">\n<div class=\"jquery_tabs\">\n<div class=\"tabs-content description\">\n<div class=\"page_margins\">\n<div class=\"page\">\n<div class=\"pagePadding\">\n<div id=\"main\">\n<div id=\"col3\" role=\"main\">\n<div id=\"col3_content\" class=\"clearfix\">\n<div class=\"hproduct\">\n<div class=\"jquery_tabs\">\n<div class=\"tabs-content description\">\n<div class=\"page_margins\">\n<div class=\"page\">\n<div class=\"pagePadding\">\n<div id=\"main\">\n<div id=\"col3\" role=\"main\">\n<div id=\"col3_content\" class=\"clearfix\">\n<div class=\"hproduct\">\n<div class=\"jquery_tabs\">\n<div class=\"tabs-content description\">\n<div class=\"page_margins\">\n<div class=\"page\">\n<div class=\"pagePadding\">\n<div id=\"main\">\n<div id=\"col3\" role=\"main\">\n<div id=\"col3_content\" class=\"clearfix\">\n<div class=\"hproduct\">\n<div class=\"jquery_tabs\">\n<div class=\"tabs-content description\">\n<div class=\"page_margins\">\n<div class=\"page\">\n<div class=\"pagePadding\">\n<div id=\"main\">\n<div id=\"col3\" role=\"main\">\n<div id=\"col3_content\" class=\"clearfix\">\n<div class=\"hproduct\">\n<div class=\"jquery_tabs\">\n<div class=\"tabs-content description\">\n<div class=\"page_margins\">\n<div class=\"page\">\n<div class=\"pagePadding\">\n<div id=\"main\">\n<div id=\"col3\" role=\"main\">\n<div id=\"col3_content\" class=\"clearfix\">\n<div class=\"hproduct\">\n<div class=\"jquery_tabs\">\n<div class=\"tabs-content description\">\n<p>100% Polyester<\/p>\n<p>&#8211; leichte und d\u00fcnne Security Unterziehweste aus Meshmaterial<br \/>\n&#8211; einfaches \u00dcberziehen durch zwei Schnellverschl\u00fcsse vorne<br \/>\n&#8211; Schnellverschlussb\u00e4nder k\u00f6nnen per Klettverschluss angepasst werden<br \/>\n&#8211; Einheitsgr\u00f6\u00dfe &#8211; Weste kann durch zwei breite Klettverschlussb\u00e4nder hinten angepasst werden<br \/>\n&#8211; zwei Rei\u00dfverschlusstaschen innen f\u00fcr Dokumente<br \/>\n&#8211; Weste wird mit Koppeltasche (Artikelnr. 13490302), Magazintasche Double (Artikelnr. 13496202) sowie Radio Pouch (Artikelnr. 13493802) geliefert<br \/>\n&#8211; Taschen sind mit Klettr\u00fccken ausgestattet und somit abnehmbar<br \/>\n&#8211; Weste ist beliebig kombinierbar mit anderen Taschen mit Klettr\u00fccken<\/p>\n<\/div>\n<\/div>\n<\/div>\n<\/div>\n<\/div>\n<\/div>\n<\/div>\n<\/div>\n<\/div>\n<\/div>\n<\/div>\n<\/div>\n<\/div>\n<\/div>\n<\/div>\n<\/div>\n<\/div>\n<\/div>\n<\/div>\n<\/div>\n<\/div>\n<\/div>\n<\/div>\n<\/div>\n<\/div>\n<\/div>\n<\/div>\n<\/div>\n<\/div>\n<\/div>\n<\/div>\n<\/div>\n<\/div>\n<\/div>\n<\/div>\n<\/div>\n<\/div>\n<\/div>\n<\/div>\n<\/div>\n<\/div>\n<\/div>\n<\/div>\n<\/div>\n<\/div>\n<\/div>\n<\/div>\n<\/div>\n<\/div>\n<\/div>\n<\/div>\n<\/div>\n<\/div>\n<\/div>\n<\/div>\n<\/div>\n<\/div>\n<\/div>\n<\/div>\n<\/div>\n<\/div>\n<\/div>\n<\/div>\n<\/div>\n<\/div>\n<\/div>\n<\/div>\n<\/div>\n<\/div>\n<\/div>\n<\/div>\n<\/div>\n<\/td>\n<\/tr>\n<\/tbody>\n<\/table>\n<div class=\"page_margins\">\n<div class=\"page\">\n<div class=\"pagePadding\">\n<div id=\"main\">\n<div id=\"col3\" role=\"main\">\n<div id=\"col3_content\" class=\"clearfix\">\n<div class=\"hproduct\">\n<div class=\"jquery_tabs\">\n<div class=\"tabs-content description\">\n<p>&nbsp;<\/p>\n<\/div>\n<\/div>\n<\/div>\n<\/div>\n<\/div>\n<\/div>\n<\/div>\n<\/div>\n<\/div>\n","protected":false},"excerpt":{"rendered":"<p>Security Einsatzweste MESH schwarz<\/p>\n","protected":false},"featured_media":12166,"comment_status":"closed","ping_status":"closed","template":"","meta":{"spay_email":""},"_links":{"self":[{"href":"https:\/\/www.custom-drones.de\/index.php?rest_route=\/wp\/v2\/product\/12165"}],"collection":[{"href":"https:\/\/www.custom-drones.de\/index.php?rest_route=\/wp\/v2\/product"}],"about":[{"href":"https:\/\/www.custom-drones.de\/index.php?rest_route=\/wp\/v2\/types\/product"}],"replies":[{"embeddable":true,"href":"https:\/\/www.custom-drones.de\/index.php?rest_route=%2Fwp%2Fv2%2Fcomments&post=12165"}],"version-history":[{"count":1,"href":"https:\/\/www.custom-drones.de\/index.php?rest_route=\/wp\/v2\/product\/12165\/revisions"}],"predecessor-version":[{"id":12167,"href":"https:\/\/www.custom-drones.de\/index.php?rest_route=\/wp\/v2\/product\/12165\/revisions\/12167"}],"wp:featuredmedia":[{"embeddable":true,"href":"https:\/\/www.custom-drones.de\/index.php?rest_route=\/wp\/v2\/media\/12166"}],"wp:attachment":[{"href":"https:\/\/www.custom-drones.de\/index.php?rest_route=%2Fwp%2Fv2%2Fmedia&parent=12165"}],"curies":[{"name":"wp","href":"https:\/\/api.w.org\/{rel}","templated":true}]}}

<p>Security Einsatzweste MESH schwarz</p>
<table width="100%">
<tbody>
<tr>
<td width="10%">&nbsp;</td>
<td width="90%">
<div class="page_margins">
<div class="page">
<div class="pagePadding">
<div id="main">
<div id="col3" role="main">
<div id="col3_content" class="clearfix">
<div class="hproduct">
<div class="jquery_tabs">
<div class="tabs-content description">
<div class="page_margins">
<div class="page">
<div class="pagePadding">
<div id="main">
<div id="col3" role="main">
<div id="col3_content" class="clearfix">
<div class="hproduct">
<div class="jquery_tabs">
<div class="tabs-content description">
<div class="page_margins">
<div class="page">
<div class="pagePadding">
<div id="main">
<div id="col3" role="main">
<div id="col3_content" class="clearfix">
<div class="hproduct">
<div class="jquery_tabs">
<div class="tabs-content description">
<div class="page_margins">
<div class="page">
<div class="pagePadding">
<div id="main">
<div id="col3" role="main">
<div id="col3_content" class="clearfix">
<div class="hproduct">
<div class="jquery_tabs">
<div class="tabs-content description">
<div class="page_margins">
<div class="page">
<div class="pagePadding">
<div id="main">
<div id="col3" role="main">
<div id="col3_content" class="clearfix">
<div class="hproduct">
<div class="jquery_tabs">
<div class="tabs-content description">
<div class="page_margins">
<div class="page">
<div class="pagePadding">
<div id="main">
<div id="col3" role="main">
<div id="col3_content" class="clearfix">
<div class="hproduct">
<div class="jquery_tabs">
<div class="tabs-content description">
<div class="page_margins">
<div class="page">
<div class="pagePadding">
<div id="main">
<div id="col3" role="main">
<div id="col3_content" class="clearfix">
<div class="hproduct">
<div class="jquery_tabs">
<div class="tabs-content description">
<div class="page_margins">
<div class="page">
<div class="pagePadding">
<div id="main">
<div id="col3" role="main">
<div id="col3_content" class="clearfix">
<div class="hproduct">
<div class="jquery_tabs">
<div class="tabs-content description">
<p>100% Polyester</p>
<p>&#8211; leichte und dünne Security Unterziehweste aus Meshmaterial<br />
&#8211; einfaches Überziehen durch zwei Schnellverschlüsse vorne<br />
&#8211; Schnellverschlussbänder können per Klettverschluss angepasst werden<br />
&#8211; Einheitsgröße &#8211; Weste kann durch zwei breite Klettverschlussbänder hinten angepasst werden<br />
&#8211; zwei Reißverschlusstaschen innen für Dokumente<br />
&#8211; Weste wird mit Koppeltasche (Artikelnr. 13490302), Magazintasche Double (Artikelnr. 13496202) sowie Radio Pouch (Artikelnr. 13493802) geliefert<br />
&#8211; Taschen sind mit Klettrücken ausgestattet und somit abnehmbar<br />
&#8211; Weste ist beliebig kombinierbar mit anderen Taschen mit Klettrücken</p>
</div>
</div>
</div>
</div>
</div>
</div>
</div>
</div>
</div>
</div>
</div>
</div>
</div>
</div>
</div>
</div>
</div>
</div>
</div>
</div>
</div>
</div>
</div>
</div>
</div>
</div>
</div>
</div>
</div>
</div>
</div>
</div>
</div>
</div>
</div>
</div>
</div>
</div>
</div>
</div>
</div>
</div>
</div>
</div>
</div>
</div>
</div>
</div>
</div>
</div>
</div>
</div>
</div>
</div>
</div>
</div>
</div>
</div>
</div>
</div>
</div>
</div>
</div>
</div>
</div>
</div>
</div>
</div>
</div>
</div>
</div>
</div>
</td>
</tr>
</tbody>
</table>
<div class="page_margins">
<div class="page">
<div class="pagePadding">
<div id="main">
<div id="col3" role="main">
<div id="col3_content" class="clearfix">
<div class="hproduct">
<div class="jquery_tabs">
<div class="tabs-content description">
<p>&nbsp;</p>
</div>
</div>
</div>
</div>
</div>
</div>
</div>
</div>
</div>
