{"id":11459,"date":"2021-05-04T13:26:21","date_gmt":"2021-05-04T11:26:21","guid":{"rendered":"https:\/\/www.custom-drones.de\/?post_type=product&#038;p=11459"},"modified":"2022-03-18T13:55:34","modified_gmt":"2022-03-18T12:55:34","slug":"fliegertasche-combat-sm","status":"publish","type":"product","link":"https:\/\/www.custom-drones.de\/?product=fliegertasche-combat-sm","title":{"rendered":"Fliegertasche Combat SM"},"content":{"rendered":"<p>Fliegertasche Combat SM<\/p>\n<table width=\"100%\">\n<tbody>\n<tr>\n<td width=\"10%\"><\/td>\n<td width=\"90%\">\n<div class=\"page_margins\">\n<div class=\"page\">\n<div class=\"pagePadding\">\n<div id=\"main\">\n<div id=\"col3\" role=\"main\">\n<div id=\"col3_content\" class=\"clearfix\">\n<div class=\"hproduct\">\n<div class=\"jquery_tabs\">\n<div class=\"page_margins\">\n<div class=\"page\">\n<div class=\"pagePadding\">\n<div id=\"main\">\n<div id=\"col3\" role=\"main\">\n<div id=\"col3_content\" class=\"clearfix\">\n<div class=\"hproduct\">\n<div class=\"jquery_tabs\">\n<div class=\"tabs-content description\">\n<div class=\"page_margins\">\n<div class=\"page\">\n<div class=\"pagePadding\">\n<div id=\"main\">\n<div id=\"col3\" role=\"main\">\n<div id=\"col3_content\" class=\"clearfix\">\n<div class=\"hproduct\">\n<div class=\"jquery_tabs\">\n<div class=\"tabs-content description\">\n<div class=\"page_margins\">\n<div class=\"page\">\n<div class=\"pagePadding\">\n<div id=\"main\">\n<div id=\"col3\" role=\"main\">\n<div id=\"col3_content\" class=\"clearfix\">\n<div class=\"hproduct\">\n<div class=\"jquery_tabs\">\n<div class=\"tabs-content description\">\n<p>100% Polyester, Polyurethan beschichtet<br \/>\nPolsterung: 100% Polyethylen Schaumstoff (220 g\/qm)<br \/>\nFassungsverm\u00f6gen: ca. 25 Liter<br \/>\nMa\u00dfe: 48,5 x 24,5 x 24,5 cm<br \/>\nGewicht: ca. 740 g<\/p>\n<p>&#8211; praktische, kompakte und sehr leichte Fliegertasche<br \/>\n&#8211; Molle-Schlaufen-System mit Klettfl\u00e4che an beiden L\u00e4ngsseiten<br \/>\n&#8211; inklusive abnehmbarem Mil-Tec\u00ae Patch<br \/>\n&#8211; 2 Seitenf\u00e4cher mit Klettverschluss<br \/>\n&#8211; Rei\u00dfverschlussfach an beiden L\u00e4ngsseiten<br \/>\n&#8211; Tragegriff oben sowie jeweils an den Seiten<br \/>\n&#8211; abnehmbarer Schultergurt mit Schulterpolsterung<br \/>\n&#8211; Hauptfach l\u00e4sst sich U-f\u00f6rmig per Rei\u00dfverschluss \u00f6ffnen und schlie\u00dfen<br \/>\n&#8211; \u00fcberkreuztes Elastikband mit Kordelstopper auf Taschendeckel um eine Jacke oder \u00c4hnliches schnell zur fixieren<br \/>\n&#8211; 5 Bodengleiter aus Kunststoff am Taschenboden<\/p>\n<\/div>\n<\/div>\n<\/div>\n<\/div>\n<\/div>\n<\/div>\n<\/div>\n<\/div>\n<\/div>\n<\/div>\n<\/div>\n<\/div>\n<\/div>\n<\/div>\n<\/div>\n<\/div>\n<\/div>\n<\/div>\n<\/div>\n<\/div>\n<\/div>\n<\/div>\n<\/div>\n<\/div>\n<\/div>\n<\/div>\n<\/div>\n<\/div>\n<\/div>\n<\/div>\n<\/div>\n<\/div>\n<\/div>\n<\/div>\n<\/div>\n<\/td>\n<\/tr>\n<\/tbody>\n<\/table>\n","protected":false},"excerpt":{"rendered":"<p>Fliegertasche Combat SM<\/p>\n<p>&nbsp;<\/p>\n<p>.<\/p>\n","protected":false},"featured_media":11551,"comment_status":"closed","ping_status":"closed","template":"","meta":{"spay_email":""},"_links":{"self":[{"href":"https:\/\/www.custom-drones.de\/index.php?rest_route=\/wp\/v2\/product\/11459"}],"collection":[{"href":"https:\/\/www.custom-drones.de\/index.php?rest_route=\/wp\/v2\/product"}],"about":[{"href":"https:\/\/www.custom-drones.de\/index.php?rest_route=\/wp\/v2\/types\/product"}],"replies":[{"embeddable":true,"href":"https:\/\/www.custom-drones.de\/index.php?rest_route=%2Fwp%2Fv2%2Fcomments&post=11459"}],"version-history":[{"count":2,"href":"https:\/\/www.custom-drones.de\/index.php?rest_route=\/wp\/v2\/product\/11459\/revisions"}],"predecessor-version":[{"id":14737,"href":"https:\/\/www.custom-drones.de\/index.php?rest_route=\/wp\/v2\/product\/11459\/revisions\/14737"}],"wp:featuredmedia":[{"embeddable":true,"href":"https:\/\/www.custom-drones.de\/index.php?rest_route=\/wp\/v2\/media\/11551"}],"wp:attachment":[{"href":"https:\/\/www.custom-drones.de\/index.php?rest_route=%2Fwp%2Fv2%2Fmedia&parent=11459"}],"curies":[{"name":"wp","href":"https:\/\/api.w.org\/{rel}","templated":true}]}}

<p>Fliegertasche Combat SM</p>
<table width="100%">
<tbody>
<tr>
<td width="10%"></td>
<td width="90%">
<div class="page_margins">
<div class="page">
<div class="pagePadding">
<div id="main">
<div id="col3" role="main">
<div id="col3_content" class="clearfix">
<div class="hproduct">
<div class="jquery_tabs">
<div class="page_margins">
<div class="page">
<div class="pagePadding">
<div id="main">
<div id="col3" role="main">
<div id="col3_content" class="clearfix">
<div class="hproduct">
<div class="jquery_tabs">
<div class="tabs-content description">
<div class="page_margins">
<div class="page">
<div class="pagePadding">
<div id="main">
<div id="col3" role="main">
<div id="col3_content" class="clearfix">
<div class="hproduct">
<div class="jquery_tabs">
<div class="tabs-content description">
<div class="page_margins">
<div class="page">
<div class="pagePadding">
<div id="main">
<div id="col3" role="main">
<div id="col3_content" class="clearfix">
<div class="hproduct">
<div class="jquery_tabs">
<div class="tabs-content description">
<p>100% Polyester, Polyurethan beschichtet<br />
Polsterung: 100% Polyethylen Schaumstoff (220 g/qm)<br />
Fassungsvermögen: ca. 25 Liter<br />
Maße: 48,5 x 24,5 x 24,5 cm<br />
Gewicht: ca. 740 g</p>
<p>&#8211; praktische, kompakte und sehr leichte Fliegertasche<br />
&#8211; Molle-Schlaufen-System mit Klettfläche an beiden Längsseiten<br />
&#8211; inklusive abnehmbarem Mil-Tec® Patch<br />
&#8211; 2 Seitenfächer mit Klettverschluss<br />
&#8211; Reißverschlussfach an beiden Längsseiten<br />
&#8211; Tragegriff oben sowie jeweils an den Seiten<br />
&#8211; abnehmbarer Schultergurt mit Schulterpolsterung<br />
&#8211; Hauptfach lässt sich U-förmig per Reißverschluss öffnen und schließen<br />
&#8211; überkreuztes Elastikband mit Kordelstopper auf Taschendeckel um eine Jacke oder Ähnliches schnell zur fixieren<br />
&#8211; 5 Bodengleiter aus Kunststoff am Taschenboden</p>
</div>
</div>
</div>
</div>
</div>
</div>
</div>
</div>
</div>
</div>
</div>
</div>
</div>
</div>
</div>
</div>
</div>
</div>
</div>
</div>
</div>
</div>
</div>
</div>
</div>
</div>
</div>
</div>
</div>
</div>
</div>
</div>
</div>
</div>
</div>
</td>
</tr>
</tbody>
</table>
