{"id":11214,"date":"2021-05-03T16:43:58","date_gmt":"2021-05-03T14:43:58","guid":{"rendered":"https:\/\/www.custom-drones.de\/?post_type=product&#038;p=11214"},"modified":"2022-03-18T13:55:38","modified_gmt":"2022-03-18T12:55:38","slug":"laser-cut-plate-carrier","status":"publish","type":"product","link":"https:\/\/www.custom-drones.de\/?product=laser-cut-plate-carrier","title":{"rendered":"Laser Cut Plate Carrier"},"content":{"rendered":"<p>Laser Cut Plate Carrier<\/p>\n<table width=\"100%\">\n<tbody>\n<tr>\n<td width=\"10%\"><\/td>\n<td width=\"90%\">\n<div class=\"page_margins\">\n<div class=\"page\">\n<div class=\"pagePadding\">\n<div id=\"main\">\n<div id=\"col3\" role=\"main\">\n<div id=\"col3_content\" class=\"clearfix\">\n<div class=\"hproduct\">\n<div class=\"jquery_tabs\">\n<div class=\"page_margins\">\n<div class=\"page\">\n<div class=\"pagePadding\">\n<div id=\"main\">\n<div id=\"col3\" role=\"main\">\n<div id=\"col3_content\" class=\"clearfix\">\n<div class=\"hproduct\">\n<div class=\"jquery_tabs\">\n<div class=\"tabs-content description\">\n<p>Obermaterial: 100% Polyester<br \/>\nFutter: 100% Polyester<br \/>\nF\u00fcllung: 100% Polyethylen (170 g\/qm)<\/p>\n<p>&#8211; spezielles Laser-Cut-Aufnahme-System, schnelleres und einfacheres Anbringen von Equipment<br \/>\n&#8211; Laser-Cut-System rund um die Weste um viele Ausr\u00fcstungsgegenst\u00e4nde anzubringen<br \/>\n&#8211; l\u00e4ngenverstellbar im Schulterbereich durch doppelten Klettverschluss<br \/>\n&#8211; 2 D-Ringe im Schulterbereich<br \/>\n&#8211; gr\u00f6\u00dfenverstellbar durch erweiterbaren Schnellverschluss<br \/>\n&#8211; breite Gummib\u00e4nder im R\u00fcckenbereich f\u00fcr optimale Bewegungsfreiheit<br \/>\n&#8211; Schlie\u00dfen der Weste durch dreifachen Klettverschluss und Druckknopf<br \/>\n&#8211; 2 Innentaschen mit Klettverschluss<br \/>\n&#8211; Weste kann vorne und hinten mit Schutzplatten ausgestattet werden (Fach mit Klettverschluss)<br \/>\n&#8211; Rettungsgriff auf dem R\u00fccken<br \/>\n&#8211; Molle-Aufnahmeband vorne und hinten<br \/>\n&#8211; Klettb\u00e4nder vorne und hinten zum Anbringen von Namensband oder Abzeichen<\/p>\n<\/div>\n<\/div>\n<\/div>\n<\/div>\n<\/div>\n<\/div>\n<\/div>\n<\/div>\n<\/div>\n<\/div>\n<\/div>\n<\/div>\n<\/div>\n<\/div>\n<\/div>\n<\/div>\n<\/div>\n<\/td>\n<\/tr>\n<\/tbody>\n<\/table>\n","protected":false},"excerpt":{"rendered":"<p>Laser Cut Plate Carrier<\/p>\n<p>&nbsp;<\/p>\n<p>.<\/p>\n","protected":false},"featured_media":11285,"comment_status":"closed","ping_status":"closed","template":"","meta":{"spay_email":""},"_links":{"self":[{"href":"https:\/\/www.custom-drones.de\/index.php?rest_route=\/wp\/v2\/product\/11214"}],"collection":[{"href":"https:\/\/www.custom-drones.de\/index.php?rest_route=\/wp\/v2\/product"}],"about":[{"href":"https:\/\/www.custom-drones.de\/index.php?rest_route=\/wp\/v2\/types\/product"}],"replies":[{"embeddable":true,"href":"https:\/\/www.custom-drones.de\/index.php?rest_route=%2Fwp%2Fv2%2Fcomments&post=11214"}],"version-history":[{"count":3,"href":"https:\/\/www.custom-drones.de\/index.php?rest_route=\/wp\/v2\/product\/11214\/revisions"}],"predecessor-version":[{"id":14683,"href":"https:\/\/www.custom-drones.de\/index.php?rest_route=\/wp\/v2\/product\/11214\/revisions\/14683"}],"wp:featuredmedia":[{"embeddable":true,"href":"https:\/\/www.custom-drones.de\/index.php?rest_route=\/wp\/v2\/media\/11285"}],"wp:attachment":[{"href":"https:\/\/www.custom-drones.de\/index.php?rest_route=%2Fwp%2Fv2%2Fmedia&parent=11214"}],"curies":[{"name":"wp","href":"https:\/\/api.w.org\/{rel}","templated":true}]}}